ase 8) in base 2?
-11001100
Convert -1011001 (base 2) to base 5.
-324
Convert 1 (base 3) to base 2.
1
Convert 1 (base 3) to base 11.
1
-a2 (base 14) to base 8
-216
84 (base 14) to base 9
138
61 (base 12) to base 11
67
-3 (base 8) to base 13
-3
Convert -110011 (base 2) to base 8.
-63
Convert 20 (base 5) to base 4.
22
-201 (base 3) to base 12
-17
Convert 21 (base 3) to base 2.
111
What is -100 (base 2) in base 9?
-4
Convert 7 (base 8) to base 6.
11
Convert -11 (base 14) to base 9.
-16
What is -101 (base 2) in base 4?
-11
What is -532 (base 6) in base 3?
-21102
Convert 2 (base 10) to base 6.
2
Convert -8 (base 16) to base 11.
-8
-166 (base 7) to base 2
-1100001
What is -15 (base 15) in base 16?
-14
68 (base 13) to base 4
1112
240 (base 7) to base 15
86
Convert 0 (base 13) to base 10.
0
-2 (base 12) to base 10
-2
What is -1000 (base 2) in base 8?
-10
Convert 3 (base 5) to base 2.
11
-3 (base 8) to base 4
-3
1011 (base 2) to base 13
b
Convert 30 (base 6) to base 13.
15
-203 (base 4) to base 5
-120
What is -10113 (base 4) in base 13?
-186
10 (base 3) to base 2
11
What is -101 (base 2) in base 13?
-5
Convert -20 (base 6) to base 2.
-1100
Convert 23 (base 13) to base 9.
32
-1 (base 10) to base 8
-1
1001011 (base 2) to base 4
1023
Convert -215 (base 6) to base 16.
-53
Convert -6 (base 11) to base 5.
-11
6 (base 12) to base 14
6
-2012 (base 3) to base 15
-3e
23 (base 16) to base 5
120
What is 25 (base 8) in base 3?
210
What is 14 (base 15) in base 8?
23
100 (base 3) to base 16
9
5 (base 10) to base 12
5
Convert -4b (base 12) to base 3.
-2012
-221 (base 3) to base 15
-1a
What is -1111111 (base 2) in base 6?
-331
354 (base 8) to base 12
178
130 (base 6) to base 15
39
Convert -31 (base 4) to base 2.
-1101
Convert -162 (base 9) to base 12.
-b5
What is -35 (base 11) in base 14?
-2a
Convert -10101010 (base 2) to base 16.
-aa
What is -4 (base 13) in base 9?
-4
114 (base 10) to base 7
222
What is -1 (base 5) in base 14?
-1
What is -2b (base 16) in base 4?
-223
-1 (base 9) to base 14
-1
What is 32 (base 6) in base 14?
16
10 (base 7) to base 4
13
-14a (base 14) to base 3
-100201
What is -4 (base 9) in base 8?
-4
What is -211 (base 3) in base 5?
-42
What is -4 (base 16) in base 10?
-4
What is -28 (base 14) in base 15?
-26
3 (base 12) to base 11
3
What is -20011 (base 3) in base 9?
-204
Convert 3 (base 16) to base 12.
3
Convert -1 (base 14) to base 15.
-1
What is -154 (base 6) in base 14?
-50
What is 19 (base 16) in base 13?
1c
3 (base 8) to base 7
3
0 (base 6) to base 12
0
What is -3 (base 4) in base 7?
-3
a (base 15) to base 12
a
Convert 0 (base 7) to base 14.
0
-7 (base 15) to base 5
-12
0 (base 12) to base 6
0
Convert -1 (base 4) to base 3.
-1
What is 88 (base 15) in base 5?
1003
What is -41 (base 6) in base 15?
-1a
-212 (base 4) to base 14
-2a
6 (base 12) to base 8
6
Convert -25 (base 13) to base 9.
-34
What is 23 (base 16) in base 10?
35
What is -143 (base 5) in base 7?
-66
Convert 132 (base 8) to base 15.
60
Convert -11 (base 4) to base 3.
-12
-4 (base 16) to base 10
-4
What is -12 (base 5) in base 14?
-7
-430 (base 5) to base 7
-223
What is -3 (base 12) in base 5?
-3
What is 4c (base 13) in base 2?
1000000
-10110111 (base 2) to base 3
-20210
11 (base 8) to base 10
9
Convert -113 (base 8) to base 14.
-55
Convert 63 (base 9) to base 13.
45
Convert -5 (base 16) to base 9.
-5
3 (base 13) to base 6
3
Convert 21110 (base 3) to base 16.
c9
Convert 25 (base 7) to base 9.
21
What is 25 (base 14) in base 15?
23
What is -2 (base 15) in base 14?
-2
-222 (base 3) to base 12
-22
Convert -101 (base 2) to base 13.
-5
Convert -12 (base 4) to base 8.
-6
Convert -11 (base 4) to base 3.
-12
What is 27 (base 8) in base 7?
32
What is 10001010 (base 2) in base 12?
b6
What is 103 (base 5) in base 16?
1c
-a3 (base 14) to base 4
-2033
What is -2 (base 5) in base 12?
-2
-101 (base 9) to base 3
-10001
Convert 30 (base 5) to base 13.
12
-22 (base 10) to base 11
-20
What is 30 (base 4) in base 3?
110
Convert -43 (base 5) to base 15.
-18
Convert 11 (base 2) to base 12.
3
Convert 84 (base 12) to base 2.
1100100
Convert 110 (base 2) to base 11.
6
Convert 50 (base 7) to base 11.
32
61 (base 7) to base 8
53
Convert 3 (base 9) to base 12.
3
-11 (base 3) to base 16
-4
Convert -5 (base 14) to base 8.
-5
-22 (base 3) to base 16
-8
What is 140 (base 9) in base 4?
1311
Convert -141 (base 9) to base 3.
-11101
Convert -412 (base 8) to base 16.
-10a
40 (base 10) to base 5
130
2 (base 10) to base 4
2
-1d (base 15) to base 6
-44
Convert 111 (base 4) to base 6.
33
Convert -151 (base 6) to base 5.
-232
10002 (base 3) to base 13
65
Convert 11 (base 4) to base 7.
5
-1011 (base 2) to base 3
-102
Convert 3 (base 7) to base 8.
3
What is 4 (base 16) in base 15?
4
What is -22 (base 9) in base 10?
-20
30 (base 9) to base 4
123
-11101 (base 2) to base 3
-1002
5 (base 6) to base 4
11
-9 (base 16) to base 13
-9
Convert -14b (base 14) to base 11.
-21a
What is -1 (base 13) in base 14?
-1
-2 (base 12) to base 5
-2
What is -23 (base 7) in base 14?
-13
What is -3 (base 15) in base 16?
-3
Convert -2 (base 5) to base 15.
-2
Convert 1100 (base 2) to base 16.
c
Convert 9 (base 11) to base 13.
9
Convert -244 (base 7) to base 13.
-a0
What is 1110 (base 2) in base 10?
14
Convert 38 (base 10) to base 8.
46
-245 (base 6) to base 5
-401
1 (base 4) to base 11
1
What is 3 (base 13) in base 4?
3
What is -6 (base 11) in base 7?
-6
Convert 2 (base 10) to base 11.
2
-70 (base 9) to base 12
-53
-44 (base 8) to base 11
-33
What is 10001 (base 3) in base 11?
75
5 (base 10) to base 4
11
What is 0 (base 12) in base 10?
0
-13 (base 11) to base 14
-10
201 (base 3) to base 14
15
24 (base 11) to base 15
1b
Convert 6 (base 8) to base 15.
6
Convert -11 (base 4) to base 9.
-5
Convert 0 (base 16) to base 2.
0
Convert 58 (base 11) to base 14.
47
-136 (base 7) to base 8
-114
Convert -212 (base 7) to base 14.
-79
What is 170 (base 8) in base 16?
78
Convert -17 (base 14) to base 7.
-30
What is -7 (base 13) in base 10?
-7
-14 (base 11) to base 8
-17
What is -123 (base 6) in base 14?
-39
Convert -13 (base 9) to base 10.
-12
Convert 50 (base 7) to base 15.
25
What is 9 (base 11) in base 15?
9
121 (base 3) to base 14
12
Convert 13 (base 10) to base 5.
23
What is 4 (base 16) in base 5?
4
-13 (base 10) to base 15
-d
-49 (base 14) to base 8
-101
Convert 2 (base 16) to base 8.
2
What is 7 (base 13) in base 3?
21
Convert -4 (base 5) to base 6.
-4
What is -2e (base 16) in base 11?
-42
What is 2 (base 5) in base 12?
2
Convert -84 (base 13) to base 5.
-413
Convert -20 (base 4) to base 10.
-8
What is -135 (base 15) in base 10?
-275
Convert 270 (base 8) to base 14.
d2
Convert 2c (base 14) to base 2.
101000
Convert -11 (base 14) to base 9.
-16
Convert 100110001 (base 2) to base 11.
258
Convert 120 (base 6) to base 11.
44
511 (base 7) to base 13
166
20 (base 12) to base 13
1b
What is -40 (base 15) in base 9?
-66
Convert -15 (base 8) to base 10.
-13
What is 2 (base 14) in base 13?
2
-b (base 12) to base 4
-23
What is 2011 (base 3) in base 8?
72
-6 (base 14) to base 6
-10
What is 41 (base 8) in base 11?
30
What is 312 (base 6) in base 5?
431
-5c (base 16) to base 14
-68
-1102 (base 3) to base 10
-38
What is -15 (base 16) in base 3?
-210
What is 0 (base 3) in base 7?
0
Convert 1 (base 14) to base 13.
1
What is -13 (base 12) in base 9?
-16
101 (base 2) to base 7
5
What is 10 (base 15) in base 14?
11
What is 51 (base 7) in base 12?
30
Convert -1 (base 3) to base 11.
-1
What is -c7 (base 13) in base 9?
-201
What is -9 (base 12) in base 3?
-100
What is -3 (base 8) in base 2?
-11
-58 (base 11) to base 6
-143
Convert e (base 16) to base 5.
24
0 (base 10) to base 4
0
-2 (base 11) to base 16
-2
Convert -10020 (base 3) to base 5.
-322
Convert -2 (base 7) to base 8.
-2
What is -12 (base 3) in base 14?
-5
3 (base 11) to base 13
3
What is -131 (base 10) in base 2?
-10000011
Convert a (base 13) to base 6.
14
Convert -1 (base 6) to base 13.
-1
Convert -1 (base 12) to base 4.
-1
What is 10d (base 15) in base 10?
238
What is -15 (base 13) in base 14?
-14
What is 3c (base 14) in base 8?
66
Convert -e (base 15) to base 7.
-20
-333 (base 6) to base 4
-2001
What is 11 (base 7) in base 6?
12
7 (base 15) to base 7
10
312 (base 4) to base 9
60
1 (base 6) to base 14
1
Convert 55 (base 11) 